7, 11, 5059
What are the prime factors of 423631?
13, 32587
What are the prime factors of 38706?
2, 3, 6451
What are the prime factors of 142016?
2, 7, 317
What are the prime factors of 979603?
97, 10099
List the prime factors of 168861.
3, 7, 11, 17, 43
What are the prime factors of 2420378?
2, 359, 3371
What are the prime factors of 3379692?
2, 3, 281641
List the prime factors of 497110.
2, 5, 49711
What are the prime factors of 311416?
2, 7, 67, 83
List the prime factors of 71891.
29, 37, 67
What are the prime factors of 13942?
2, 6971
List the prime factors of 3991491.
3, 7, 431
What are the prime factors of 89676?
2, 3, 47, 53
List the prime factors of 3503480.
2, 5, 87587
What are the prime factors of 20225861?
19, 1064519
What are the prime factors of 1463835?
3, 5, 23, 4243
What are the prime factors of 396086?
2, 198043
What are the prime factors of 304458?
2, 3, 7, 11, 659
What are the prime factors of 3897173?
7, 37, 41, 367
List the prime factors of 690360.
2, 3, 5, 11, 523
List the prime factors of 69509.
11, 71, 89
What are the prime factors of 377020?
2, 5, 7, 2693
What are the prime factors of 4424797?
13, 340369
What are the prime factors of 1989261?
3, 83, 2663
List the prime factors of 365830.
2, 5, 36583
List the prime factors of 504228.
2, 3, 42019
What are the prime factors of 8899423?
13, 193, 3547
List the prime factors of 41200.
2, 5, 103
List the prime factors of 6696787.
6696787
List the prime factors of 335112.
2, 3, 13963
What are the prime factors of 521943?
3, 173981
What are the prime factors of 622033?
73, 8521
List the prime factors of 451032.
2, 3, 18793
What are the prime factors of 4603120?
2, 5, 163, 353
List the prime factors of 25538213.
25538213
List the prime factors of 16351366.
2, 607, 13469
What are the prime factors of 1136404?
2, 43, 6607
What are the prime factors of 35086747?
35086747
List the prime factors of 1617854.
2, 7, 115561
List the prime factors of 2929203.
3, 29, 43
List the prime factors of 104114.
2, 52057
List the prime factors of 51855.
3, 5, 3457
What are the prime factors of 1505539?
7, 215077
List the prime factors of 28542445.
5, 179, 31891
List the prime factors of 193409.
17, 31, 367
List the prime factors of 3337874.
2, 239, 6983
What are the prime factors of 2121256?
2, 265157
What are the prime factors of 36698?
2, 59, 311
What are the prime factors of 5519549?
7, 37, 101, 211
What are the prime factors of 1016617?
7, 17, 8543
What are the prime factors of 431333?
7, 43, 1433
What are the prime factors of 1433530?
2, 5, 7, 20479
What are the prime factors of 690685?
5, 107, 1291
What are the prime factors of 24827?
11, 37, 61
What are the prime factors of 185725?
5, 17, 19, 23
What are the prime factors of 229462?
2, 31, 3701
What are the prime factors of 287769?
3, 95923
What are the prime factors of 1864753?
11, 169523
List the prime factors of 10367.
7, 1481
What are the prime factors of 360926?
2, 180463
What are the prime factors of 21308393?
21308393
List the prime factors of 168095.
5, 33619
What are the prime factors of 238694?
2, 23, 5189
What are the prime factors of 1326346?
2, 7, 211, 449
List the prime factors of 2804373.
3, 11, 13, 2179
List the prime factors of 231413.
7, 13, 2543
What are the prime factors of 1098999?
3, 11, 17, 653
What are the prime factors of 805351?
113, 7127
What are the prime factors of 1637132?
2, 7, 59, 991
What are the prime factors of 9443038?
2, 11, 19, 29, 41
What are the prime factors of 2136085?
5, 7, 61031
List the prime factors of 10825561.
1009, 10729
What are the prime factors of 6250859?
47, 179, 743
What are the prime factors of 258750?
2, 3, 5, 23
List the prime factors of 7911699.
3, 43, 61331
List the prime factors of 1658030.
2, 5, 11, 15073
List the prime factors of 849419.
849419
List the prime factors of 636482.
2, 7, 11, 4133
List the prime factors of 5927306.
2, 7, 11, 3499
List the prime factors of 130794.
2, 3, 21799
What are the prime factors of 313181?
11, 71, 401
List the prime factors of 4305090.
2, 3, 5, 143503
List the prime factors of 9974607.
3, 97, 151, 227
List the prime factors of 8972851.
223, 40237
What are the prime factors of 2321224?
2, 257, 1129
What are the prime factors of 9328054?
2, 347, 13441
What are the prime factors of 1181449?
17, 69497
What are the prime factors of 3763108?
2, 439, 2143
What are the prime factors of 2705690?
2, 5, 13, 1601
List the prime factors of 19793268.
2, 3, 11, 16661
What are the prime factors of 10366520?
2, 5, 259163
What are the prime factors of 8380054?
2, 4190027
List the prime factors of 57371.
103, 557
List the prime factors of 14936014.
2, 19, 137, 151
What are the prime factors of 30918892?
2, 43, 67, 2683
List the prime factors of 4498568.
2, 283, 1987
List the prime factors of 4383165.
3, 5, 103, 2837
What are the prime factors of 2680?
2, 5, 67
List the prime factors of 1864723.
7, 487, 547
What are the prime factors of 1753550?
2, 5, 17, 2063
What are the prime factors of 4512398?
2, 11, 443, 463
List the prime factors of 27431569.
11, 2493779
List the prime factors of 345212.
2, 7, 12329
List the prime factors of 3032911.
7, 283, 1531
What are the prime factors of 15237649?
7, 2176807
List the prime factors of 94008.
2, 3, 3917
What are the prime factors of 1960731?
3, 217859
What are the prime factors of 884834?
2, 97, 4561
What are the prime factors of 1026607?
229, 4483
List the prime factors of 1771344.
2, 3, 12301
What are the prime factors of 286341?
3, 11, 8677
What are the prime factors of 880558?
2, 7, 62897
What are the prime factors of 33276617?
11, 79, 149, 257
List the prime factors of 117065.
5, 13, 1801
What are the prime factors of 12592721?
12592721
What are the prime factors of 5856816?
2, 3, 7, 17431
What are the prime factors of 288904?
2, 7, 11, 67
What are the prime factors of 5948507?
5948507
List the prime factors of 2328224.
2, 31, 2347
What are the prime factors of 521137?
521137
What are the prime factors of 596487?
3, 198829
List the prime factors of 1020163.
1020163
List the prime factors of 19059531.
3, 379, 16763
What are the prime factors of 19285181?
47, 410323
What are the prime factors of 390073?
31, 12583
List the prime factors of 104841.
3, 11, 353
List the prime factors of 633665.
5, 126733
What are the prime factors of 249140?
2, 5, 12457
List the prime factors of 85787.
13, 6599
List the prime factors of 946657.
23, 79, 521
What are the prime factors of 1344440?
2, 5, 19, 29, 61
List the prime factors of 4916159.
241, 20399
What are the prime factors of 1024946?
2, 13, 79, 499
List the prime factors of 1678583.
883, 1901
List the prime factors of 358967.
7, 19, 2699
List the prime factors of 546588.
2, 3, 7, 241
What are the prime factors of 313146?
2, 3, 1933
List the prime factors of 6495526.
2, 3247763
What are the prime factors of 1561761?
3, 6427
What are the prime factors of 521408?
2, 8147
List the prime factors of 973724.
2, 243431
List the prime factors of 262906.
2, 7, 89, 211
List the prime factors of 1866521.
1866521
List the prime factors of 4769796.
2, 3, 59, 6737
What are the prime factors of 375886?
2, 7, 26849
List the prime factors of 4119931.
31, 347, 383
What are the prime factors of 2047510?
2, 5, 204751
What are the prime factors of 3141649?
7, 448807
List the prime factors of 2692129.
11, 19, 1171
What are the prime factors of 7210226?
2, 53, 251, 271
What are the prime factors of 357781?
357781
What are the prime factors of 195264?
2, 3, 113
What are the prime factors of 2226968?
2, 29, 331
List the prime factors of 158185.
5, 17, 1861
List the prime factors of 3238428.
2, 3, 211, 1279
What are the prime factors of 233676?
2, 3, 6491
List the prime factors of 10828051.
13, 832927
List the prime factors of 1537265.
5, 53, 5801
What are the prime factors of 1700864?
2, 11, 151
What are the prime factors of 12885730?
2, 5, 11, 13, 9011
List the prime factors of 21716.
2, 61, 89
What are the prime factors of 569905?
5, 7, 19, 857
What are the prime factors of 53900?
2, 5, 7, 11
List the prime factors of 7413773.
1201, 6173
List the prime factors of 1033426.
2, 516713
List the prime factors of 604462.
2, 173, 1747
What are the prime factors of 43660?
2, 5, 37, 59
What are the prime f